- 10. Let z(a) = 7*a**3 - 5*a**2 - 3*a + 1. Let y be z(-1). Calculate f(y).
6
Let h(l) be the second derivative of -l**5/20 + l**4/12 - 9*l**2/2 + l. Let c(m) = -m**2 + 6*m + 7. Let g = 10 - 3. Let w be c(g). Give h(w).
-9
Let n(r) be the first derivative of -1/4*r**4 - 1/2*r**2 - 2*r + 3 + 4/3*r**3. Give n(4).
-6
Let i(p) = 3*p**2 - p - 1. Let q be i(-1). Let v(y) be the second derivative of q*y**2 - 1/2*y**3 + 1/20*y**5 + 0 + 2*y - 1/3*y**4. Give v(4).
-6
Let h(n) = -n**3 - 9*n**2 - 2*n - 5. Let c be ((-24)/15 + -2)/((-6)/(-15)). Determine h(c).
13
Let p(r) = 3*r**2 - 3*r + 1. Suppose -5*i + 5 = -5. Calculate p(i).
7
Let z(n) = -9*n + 57. Let r be z(7). Let g(i) be the third derivative of i**6/120 + i**5/12 - 7*i**4/24 - 2*i**3/3 + i**2. Give g(r).
2
Let c(i) = -i - 2 + i**3 - 3*i**2 - 4*i**2 + 3*i**2. Determine c(4).
-6
Suppose 55 = -4*r + 39. Let l(q) = -q**2 - 4*q - 3. Calculate l(r).
-3
Suppose a - 4*a = -8*a. Let c(u) = u**3 - u**2 + 3. Calculate c(a).
3
Let a(k) = -2*k - 4. Let u = 36 + -43. Calculate a(u).
10
Let o(c) = -6*c**2 - 13 + c**3 + 0*c + 8*c + 8. Calculate o(5).
10
Suppose d = 2*d. Suppose -3*i + 11 = 4*q, -4*q + 5 = -5*i + 2*i. Let x(k) = 3*k**2 + 2*k**3 + 2*k - 6*k**q + d - 2. Give x(2).
6
Let s(q) be the third derivative of 8*q**2 + 0*q**3 + 0 + 0*q - 1/12*q**4. Give s(1).
-2
Let b(u) = 50 + 0*u**2 - 2*u**2 - 56 + 7*u. What is b(5)?
-21
Let c(o) = 3*o + 2. Suppose -4*n - 6*n - 30 = 0. Determine c(n).
-7
Let o(x) be the first derivative of -x**7/840 + x**6/90 + 7*x**5/120 - x**4/8 - x**3 + 3. Let g(f) be the third derivative of o(f). Calculate g(5).
7
Let j(b) be the third derivative of -b**4/24 - b**3/2 - 15*b**2. Let d be (-1)/4 + (-90)/(-8). Suppose 4*i = 4*o - 4, 2*o - d = -0*i - i. Calculate j(o).
-7
Let a(v) be the first derivative of v**3/3 + 3*v**2 + 7*v - 4. Calculate a(-6).
7
Let k(a) be the second derivative of -a**4/12 + a**3 + 3*a**2 - a. Let z(u) = u**3 + 3*u**2 - 2*u + 5. Let w be z(-4). Let q be w + 9 + (-3)/3. Calculate k(q).
11
Let j be (2/(-1) - -1)*-1. Let a(y) = -8*y + 2. Let p(o) = o - 1. Let g be (4/6)/((-4)/(-6)). Let d(r) = g*p(r) + j*a(r). What is d(1)?
-6
Let y(v) = -2*v**2 + v**2 + 2*v + 2*v**2. Give y(-3).
3
Let r be 6/(-4)*4/(-6). Let s(h) = h**2 - r - 4 + 5 + 8 - 7*h. Determine s(6).
2
Let a(n) = n + 3. Suppose 9 = i - 0. Suppose -i = -2*u - 1. Calculate a(u).
7
Let r be 2/1*(2 - 1). Suppose -5*n + 5*q = -15, -4*q = -r*q + 4. Let m(d) = 0*d + 3*d**3 - 2*d + d. Give m(n).
2
Let r(c) = c - 3. Let f be r(7). Let b(j) = -j**2 + 5*j - 1. Let x be b(f). Let i(y) = 2*y - x*y**2 - 4*y + 6*y**2 - 1 + 0*y. Calculate i(2).
7
Let z(y) = 2*y - 1 + 0 - 3*y + y**2. Let q(c) = -c**2 + 7*c**2 + 8 - c**3 + c - 2*c. Let k be q(6). Determine z(k).
1
Let k(u) be the second derivative of 7/2*u**2 - 3*u + 1/12*u**4 + 7/6*u**3 + 0. Determine k(-6).
1
Suppose 11 = -g - 4*d + 6*d, 4*g + 14 = 2*d. Let a be 4*3*g/(-2). Let n(q) = -q**3 + 7*q**2 - 6*q - 3. What is n(a)?
-3
Let k(n) = -n**3 - n**2 - 2. Let z be k(0). Let m(l) = -l**3 + 4*l + 3. Let w be m(z). Let v(g) = 0*g**w + 0*g + g**2 - g - g**3. Determine v(1).
-1
Suppose -71 = 2*z - 7*z - 3*a, 0 = 2*a + 6. Let p(f) = 3*f + 4 - 1 + 11*f - 5*f**2 + f**3 - z*f. Calculate p(5).
-7
Let x(l) = -l**3 + 6*l**2 - 6*l. Let m(y) = -y**3 + 13*y**2 - 13*y + 14. Let s be m(12). Suppose 0 = -s*f - 2, 16 = 3*t - 2*f + f. Calculate x(t).
-5
Let y(n) = 5*n**2 - 7*n - 8. Let w(l) = l**2 - l. Let g(h) = -6*w(h) + y(h). Let v = 1 - 1. Give g(v).
-8
Let l(n) be the second derivative of -n**4/12 + 7*n**3/6 + 2*n**2 + 7*n. Determine l(7).
4
Let j = 0 + -4. Let m(l) be the first derivative of -l**4/4 - 5*l**3/3 + 3*l + 32. What is m(j)?
-13
Let h(j) = 20*j**2 + 5*j + 14. Let k(g) = 7*g**2 + 2*g + 5. Let r(m) = -4*h(m) + 11*k(m). Calculate r(1).
-2
Let t(s) be the third derivative of -s**6/120 + s**5/60 + s**4/24 + s**3/6 - s**2. Let n(j) = -j**2 + 8*j - 5. Let v be n(7). Determine t(v).
-1
Let g(d) be the second derivative of -d**3/6 + 5*d**2/2 - 16*d. Give g(4).
1
Let s(c) be the third derivative of c**4/24 - 4*c**3/3 - c**2. Let g be s(6). Let u(p) = p**2 + p - 2. Calculate u(g).
0
Let h(l) = -4*l + 5. Let p be h(5). Let y be ((-20)/p)/((-2)/(-6)). Let v(u) = 1 - 3 - y - 7 + u. What is v(6)?
-7
Let z(q) = -q**2 - 2. Suppose 12 = i - 2*s, 3*i = -2*s - s. Suppose -6*c = -i*c + 2. Let r be (c - -5) + 2/(-1). What is z(r)?
-6
Let w = 4 - 3. Let q(o) = 9*o**2 - w + 4*o + 3 - 10*o**2. Suppose 0 = -0*u - u + 4. Give q(u).
2
Let q(z) = -z - 8. Let h be q(-7). Let o(u) be the first derivative of -1/3*u**3 + 1/2*u**2 + 3 + u. What is o(h)?
-1
Let p = 14 - 11. Let b(s) = -s + 1. What is b(p)?
-2
Let f(i) = 5*i - 1. Let u be f(1). Suppose 0 = -5*h - 5*x + 35, -u*h + 3*x - 9 = -2. Let r(v) = -2 + h + 2*v. Determine r(3).
6
Let c(u) = u - 3. Let p(h) = -1. Let w(g) = -c(g) + 3*p(g). What is w(3)?
-3
Let p(k) = 2*k + 2. Let s(u) = u**2 - 3*u - 3. Let h(n) = 4*p(n) + 3*s(n). Let b be 3/((-12)/(-8))*1. Calculate h(b).
9
Let u(x) = 3*x**2 + x + 2. Suppose 2*s + 3*s = -10. What is u(s)?
12
Let z(x) be the first derivative of -x**4/4 - 4*x**3/3 + 3*x - 1. Let y be 22/8 + (-6)/8. Suppose 5*k = -y - 13. Calculate z(k).
-6
Suppose 0 = 8*r - 6*r. Let v(w) = w**2 + 7. Calculate v(r).
7
Let j(v) = -3*v + 8. Let z(d) = d**2 + 18*d - 3. Let l be z(-16). Let a = -29 - l. Give j(a).
-10
Let k(w) = 10*w**2 + 25*w - 31. Let c(x) = -3*x**2 - 8*x + 10. Let o(r) = 7*c(r) + 2*k(r). Calculate o(-8).
-8
Let y be 3/(1 + 23/(-26)). Suppose -t + 11 = y. Let b = t + 11. Let m(w) = w**3 + 4*w**2 + w + 3. Give m(b).
-1
Let h(w) = w**3 + 4*w**2 - 7*w - 7. Suppose 0 = 3*c + 5 + 1. Suppose -2*t - 11 = 3*m, t = -2*t - 4*m - 17. Let l = t - c. Calculate h(l).
3
Let n be 150/(-20)*(1 + (-1)/5). Let g(b) = 2*b + 6. Give g(n).
-6
Let q(m) = -m**3 - 5*m**2 - 7*m - 4. Suppose -3*v = -26 - 16. Suppose 0 = 3*a + w + v, 0 = -2*a - 4*w + 9*w + 2. Give q(a).
8
Let a(t) = t - 5. Let y(q) = -q**3 + 8*q**2 + 2*q - 12. Let n be y(8). Let u be a(n). Let s(d) = 6*d**3 - d**2 - 2*d - 1. What is s(u)?
-6
Let f = 12 - 11. Let s(h) = 0*h + h - f + 5. Determine s(3).
7
Let p = 17 - 21. Let x(b) = b**2 + 5*b - 2. What is x(p)?
-6
Let g(r) be the third derivative of r**6/120 + r**5/60 - r**4/12 + 2*r**2. Suppose 2 = -4*w + 42. Suppose -x = 4*l - 2, 2*x = -x + 4*l - w. Give g(x).
0
Let l(o) = 4 + 1 - 6 + 11*o - 9*o. Calculate l(3).
5
Suppose -3*c - 2*b = 2, -14 = -5*c - 0*c + b. Let w(g) = 1 + g + c*g + 5 - 3. What is w(-5)?
-12
Let y be 448/(-144) + (-1)/(-9). Let x(c) = 3*c**2 - 8*c - 3. Let p(b) = -b**2 + 4*b + 2. Let m(k) = -5*p(k) - 2*x(k). Give m(y).
-1
Let h(u) = -u - 3*u + 1 - u**3 - 18*u**2 - u + 12*u**2. Give h(-5).
1
Let l = -7 + 8. Let a(c) = -43*c**2 + 42*c**2 - l + 2*c - 1. Suppose -2*t - 3*x - 16 = -3*t, 36 = 4*t - 5*x. What is a(t)?
-10
Let f(t) be the second derivative of t**7/840 + t**6/90 - t**5/30 - t**4/8 - t**3/3 + t. Let v(z) be the second derivative of f(z). Determine v(-5).
-8
Let q(m) = m**3 - 7*m**2 + 8*m - 13. Let u be q(6). Let g(j) = -10*j**3 + j**2 + j. What is g(u)?
10
Let m(n) = n**3 + 2*n**2 - 2*n. Let o(l) = 0*l**2 - 4 + 3 - l**3 - 3*l + 2*l**2 + 4. Let t be o(2). Calculate m(t).
-3
Suppose 0 = -b - 2*b + 3. Let v(l) = 6*l. Give v(b).
6
Suppose -3*i + 6 = -3. Let s(q) = 1. Let f(o) = -o + 10. Let d(c) = f(c) - 6*s(c). Determine d(i).
1
Let u(c) = c - 4. Let y be u(8). Let a(n) = 2*n - 1 + 3*n**2 + y*n - 2*n - 2*n**2. What is a(-5)?
4
Let r(a) be the third derivative of -a**5/60 - 2*a**3/3 - 4*a**2. Give r(0).
-4
Let n(z) be the first derivative of z**2 + 10*z + 3. Calculate n(-7).
-4
Let c(g) = 10*g - 7 + 0 - 11*g. Calculate c(-5).
-2
Let l(f) = 1 + 0*f - 5*f**2 - 8 + 2*f + f**3. Let t be l(5). Let x(d) = -4*d + d + t + d. Determine x(4).
-5
Let a(y) = -2*y - 1. Let q = -2 + 3. Let m be a(q). Let x(h) = -4*h**3 + 2*h + 4*h**3 - 2*h**2 - h**3 + 0*h**3. Determine x(m).
3
Let x be -1 - (1*8)/(-2). Let y(z) = 3*z + z - x*z. What is y(5)?
5
Suppose w - 2*w = -2. Let j(x) = -x**2 + x + 2. Calculate j(w).
0
Let u(d) = d**2 + 5*d + 3. Suppose 3*a + 0 = -2*i - 17, 3*i + 21 = -3*a. Let l be (-1)/(a*(-4)/60). What is u(l)?
3
Let g(d) = -2*d**2 - 4*d - 1. Let o(w) = w**2 + w - 1. Let x(z) = -z**2 - 5*z - 3. Let u be x(-4). Let c(k)